ose 4*t = -4*s + 4, 3*s + 3*t - 8 = t. Suppose -l - l + s = 0. Let m(z) = -z**2 + 5*z - 3. Determine m(l).
3
Suppose -k + 22 = 5*n, -k + 5*k = 4*n - 32. Let u(z) = -3*z + 1. What is u(k)?
10
Let g(m) be the second derivative of 1/20*m**5 - 1/6*m**4 - 3*m + 1/2*m**2 + 0 - 5/6*m**3. What is g(4)?
13
Suppose 0 = 25*t - 31*t + 18. Let a(z) = -2*z. Calculate a(t).
-6
Let q(c) be the first derivative of c**4/3 - c**3/3 - c**2/2 - 10*c + 5. Let h(i) be the first derivative of q(i). Determine h(-1).
5
Let f = 1 + 1. Suppose 0 = -f*s + 3*s + 3. Let u(p) = 2*p + 4. What is u(s)?
-2
Let o(d) = d**3 - 4*d**2 - 3*d + 3. Let w(n) = -3*n - 20. Let h be w(-8). Give o(h).
-9
Suppose -16 = -c - 3*c. Let v(p) = 2 + 0 + 0 - c*p. Calculate v(2).
-6
Let u(i) = -1 - 13*i - 13*i + 12*i + 5*i. Suppose 0 = 3*d + l + 2, 3*l + 12 = 3*d - 6*d. Calculate u(d).
-10
Suppose -b + 5 = 4*b. Let u(g) = 15*g - 17*g + g**3 + 2*g**2 - 2 - b. Let q be (0 - -1)*2/(-1). What is u(q)?
1
Let y(i) be the second derivative of -i**3/6 - 4*i**2 - 5*i. Determine y(-6).
-2
Suppose -5*i = -o + 20, -1 = 3*i - 2*i. Suppose -2*z = -7*z + o. Suppose -g = z*g. Let q(y) = y - 6. Calculate q(g).
-6
Let h(d) = -d**3 - 5*d**2 + d + 2. Suppose 4*g + 10 = -10. Let v be h(g). Let k(j) = -2*j + 4. Let x(o) = 2*o - 3. Let n(r) = 2*k(r) + 3*x(r). What is n(v)?
-7
Let o be (19 - 1)*(-2)/4. Let b = o - -13. Let c(f) = -10*f + 2 + 2 - f**2 + 13*f. Calculate c(b).
0
Let t(w) be the third derivative of w**6/120 - w**5/20 - w**4/6 + w**3/2 - 2*w**2. Let l = 48 - 45. Give t(l).
-9
Let z(a) be the third derivative of 0*a**4 + 0 + 0*a + a**2 + 7/6*a**3 - 1/60*a**5. Give z(0).
7
Let i = -43 - -34. Let x(k) = -2*k - 5. What is x(i)?
13
Suppose a = -4*i - 10, 3*a = -a - i - 25. Let l(q) = q - 1. Determine l(a).
-7
Let f(p) = -p - 12. Let o(r) = r**2 - 3*r - 3. Let b be o(4). Let l be 4 - b - (-9)/(-3). Determine f(l).
-12
Let l(j) = -10*j**2 + 21*j - 18. Let a(n) = 7*n**2 - 14*n + 12. Let d(i) = -7*a(i) - 5*l(i). What is d(6)?
0
Let h be ((-12)/5)/((-2)/5). Let x(i) = 2*i + 0*i**2 - 9*i + i**2. What is x(h)?
-6
Let n(d) be the first derivative of -d**2/2 - 6*d + 3. Let p be (30/(0 + -3))/(0 - -2). What is n(p)?
-1
Let r(k) = -k**3 - k**2 - k - 11. Let q = 2 + -2. Give r(q).
-11
Let f(w) = 7*w + 5 + 9 + w**2 - 8. Let i(y) = -2*y**2 - 8*y - 7. Let b(q) = -7*f(q) - 6*i(q). Give b(1).
4
Let v be (6/(-30))/((-2)/10). Let b(d) = d**3 + d**2 + d - 1. Calculate b(v).
2
Let a(c) be the first derivative of c**4/4 + c**3/3 + c**2/2 + c + 17. Calculate a(-1).
0
Let z be (41 - 2) + (2 - 3). Suppose 5*a - 13 + z = 0. Let u(t) = t - 4. Let f(o) = o. Let v(d) = 3*f(d) - u(d). Give v(a).
-6
Let y(u) = u**3 + 6*u**2 + 5*u - 6. Suppose 2*w - 3*w = 5. Calculate y(w).
-6
Let g(l) = -3*l**2 - 24*l + 26. Let a(d) = d**2 + 12*d - 13. Let v(h) = 5*a(h) + 2*g(h). Let b be v(10). Let s(i) = 1 - i - 2*i + 3*i + b*i. What is s(-1)?
-6
Suppose 18 = 4*b + 2*n, -2*b - 2 = -n - 1. Let u(i) = i**2 - 9*i + 5. Let h be u(9). Let t(l) = -b - l**3 - h*l**2 - 3 - l**2. Calculate t(-6).
-5
Let p = 7 + -10. Let t(x) be the first derivative of x**6/360 + x**5/120 - x**4/6 + 2*x**3 + 3. Let r(c) be the third derivative of t(c). Give r(p).
2
Let y(m) = -m**3 + 3*m**2 + 4. Let f be y(3). Suppose 9 = p + 3*a - 9, 44 = f*p + 5*a. Let z(l) = 0*l - l**2 + p - 3*l + 0. Calculate z(-5).
-4
Let z(v) = 21*v**3 - 3*v**2 - 11*v + 11. Let w(p) = -7*p**3 + p**2 + 4*p - 4. Let b(t) = -11*w(t) - 4*z(t). What is b(1)?
-6
Suppose 3*s - 12 - 4 = -4*o, -2*s - 3*o = -11. Suppose 2*d = s*d. Let v be -3 + (d + -3)/3. Let y(f) = -f**3 - 5*f**2 - 4*f - 3. Determine y(v).
-3
Let b(t) be the third derivative of -5*t**4/24 - t**3/6 + t**2. Give b(-1).
4
Let w be (-91)/(-5) - (-1)/(-5). Suppose 0 = -0*f + 2*f + w. Let h(v) = v + 7. Let k be h(f). Let g(r) = 3*r - 1. What is g(k)?
-7
Suppose 4*y = -2 - 2. Let k(l) = 11*l + 16. Let a(d) = 23*d + 32. Let s(i) = 3*a(i) - 5*k(i). Let g(w) = 3*w + 3. Let m(n) = -11*g(n) + 2*s(n). Calculate m(y).
4
Let h(a) = 3*a + 4. Let l = 47 - 75. Let t = l + 25. What is h(t)?
-5
Let a(q) = q - 10. Suppose 3*c = -3*d + 51, 2*d - 2*c = 51 - 13. Suppose 4*u - 6*u + d = 0. Let f be a(u). Let h(p) = -6*p - 1. Determine h(f).
5
Let d = -11 + 11. Let o(x) = -2 - 2 + x**2 + d*x**2. Calculate o(0).
-4
Let w(h) = -2*h**3 - 4*h**2 + 3*h - 3. Let r(d) = 3*d**3 + 3*d**2 - 4*d + 3. Let a(f) = 3*r(f) + 4*w(f). What is a(7)?
-3
Suppose -1 = 2*p - 5. Let u(z) = 0*z + p*z + 2 - 4*z. Let x = -7 + 11. Determine u(x).
-6
Let j(r) = -2*r**2 + 3*r - 1. Suppose 0 = -2*w + 4*c - 8, 0*w - 5*c = w - 24. Calculate j(w).
-21
Suppose -6*b - 6 = -0*b. Let f(p) = -p - 1. Give f(b).
0
Let g(d) = -4 - 13*d**3 - 2 + 14*d**3 + 5*d**2. Determine g(-5).
-6
Let j(q) = 4*q**2 + 8 + 4*q**2 + 4*q - 3*q**2 - q**3. Suppose 7*m = 6*m + 6. Calculate j(m).
-4
Suppose -4 = 4*c, b + 3*c - 1 = -7. Let y(n) be the first derivative of n**2 + 1. Determine y(b).
-6
Let l(t) = t. Let p be l(2). Suppose 0 = -d - 1, 7 = p*g + 3*d - 2*d. Let o(f) = 2*f - f**3 - f**2 - 8*f + 0*f - g*f**2 - 1. Determine o(-4).
7
Let l be (4/(-3))/((-8)/6). Let n(a) = -5*a**3 + 2*a - 1. Give n(l).
-4
Let y(o) = -o**3 + 9*o**2 - 8*o + 3. Let w be y(8). Let v(d) = -d**3 + 4*d**2 - 3*d + 2. Let n be v(w). Let p(l) = 0*l**n - l - 6 + 8*l - l**2. Determine p(5).
4
Let l(o) = -o**2 + 5*o - 1. Suppose 4*k = 3*k + 3. Let v be l(k). Let d(q) = -2*q. Give d(v).
-10
Let v(m) = -m + 16. Let t be v(15). Let s = -1 + 3. Let o(l) = -7*l**3 - 2*l + s*l. What is o(t)?
-7
Let m be 3 + (-6 - (3 + -1)). Let f(c) = -c**3 - 5*c**2 - 6. What is f(m)?
-6
Let o(f) = 2*f - 11. Let y(t) = -t + 6. Let i(b) = -3*o(b) - 5*y(b). What is i(3)?
0
Let u be ((-5)/(-15))/((-3)/45). Let b(h) be the second derivative of -h**4/12 - 5*h**3/6 - h**2/2 + h. Determine b(u).
-1
Let t(x) = -3*x - 4. Suppose 7*j + 0*j + 28 = 0. Give t(j).
8
Let b = 21 + -8. Let w(j) = -j**3 + 12*j**2 + 12*j + 15. Let p be w(b). Let q(g) = -5*g**2 + 2*g - g**3 - 1 + 0*g**2 + 5*g**2 + p*g**2. Calculate q(3).
-4
Let h(c) = -c**3 - 8*c**2 - 7*c - 3. Let b be 8/(-20) - 66/10. What is h(b)?
-3
Suppose 5 + 7 = 2*j - 4*y, -4*j - 2*y = -14. Let r(t) = t**3 - 5*t**2 + 2. What is r(j)?
-14
Suppose 0 = 4*j + 5*f + 9, -3*j - 7 + 0 = 4*f. Let a = 0 - j. Let r(g) be the second derivative of g**5/20 + g**4/12 - g**3/3 + g**2/2 - 2*g. What is r(a)?
1
Let g(s) be the first derivative of -s**2/2 - s + 1. Let j(y) = 5*y**2 - y. Let l be j(1). What is g(l)?
-5
Let f(g) be the second derivative of g**5/20 - g**4/12 - g**3/6 + 4*g**2 + 3*g. What is f(0)?
8
Let k(s) = -3 - s + 2*s + 5 + s**3 - 8*s - 6*s**2. Determine k(7).
2
Let t(z) = z - 10. Let o(a) = a - 7. Let y(b) = 7*o(b) - 5*t(b). Let v be (-6)/(-10) + (-4)/(-10). Calculate y(v).
3
Let a(f) be the third derivative of -f**4/12 + 3*f**3/2 + 55*f**2. Give a(9).
-9
Let n(t) = -t**3 + 6*t**2 - 5*t - 4. Let l(f) = -f**2 - 5*f + 5. Suppose -6*a = -2*a - 20. Suppose a*c = -11 - 14. Let g be l(c). Determine n(g).
-4
Let g(l) = 49 - 4*l - 31 - 14. Give g(6).
-20
Let t(z) = z**3 + 4*z**2 - 4. Let i = 25 + -29. Give t(i).
-4
Let y = 27 - 32. Let j(v) be the second derivative of -v**4/12 - 5*v**3/6 - 5*v**2/2 + 3*v. What is j(y)?
-5
Let b = 4 - 4. Let q(j) be the first derivative of -j**3/3 + j**2/2 + 7*j - 3. Determine q(b).
7
Let h(m) = -m + 4. Suppose -3*b = 2*v, 5*b - 2*v = 2*v. Suppose 0 = 2*g - b - 12. Determine h(g).
-2
Let d = 4 + -8. Let s(m) = m - 8. Let p be s(9). Let o(k) = 2*k**2 + 5*k - p - 2*k + 2*k. Give o(d).
11
Let d(f) = -f**2 - 3*f + 7. Suppose -20 = -0*l + 4*l. Let k be l - (0 + 0)/2. What is d(k)?
-3
Let y(t) = t**2 + t + 1. Let z be y(-1). Let j(l) = l**2 - l. Give j(z).
0
Let s be ((-90)/10 - (-1 + -3)) + 4. Suppose 2*k + 3*k = 0. Let o(m) = k*m + 4*m - 2*m. Give o(s).
-2
Let q(n) = -n**2 - 10*n + 13. Let h be q(-11). Let d(f) = 2*f**3 + 4*f**3 + 0*f**3 - 3 + h + f**2. Let w be (2 - (-1 - -2))*1. Calculate d(w).
6
Let s = -488 - -482. Let n(c) be the second derivative of -c**5/20 - c**4/2 + 3*c**2/2 - c. What is n(s)?
3
Suppose -2 - 10 = -3*c. Let x = 4 - c. Let s = -2 - x. Let w(r) = -r**2 - 2. Calculate w(s).
-6
Let m(y) = y**3. Let p(q) = -3*q**3 - 4*q**2 + 6*q - 2. Let i(w) = 2*m(w) + p(w). Calculate i(-5).
-7
Suppose 4*j + 5*m - 3*m - 2 = 0, 